9.
6
What is the remainder when 5676 is divided by 247?
242
What is the remainder when 79 is divided by 34?
11
Calculate the remainder when 5493 is divided by 457.
9
Calculate the remainder when 974 is divided by 39.
38
What is the remainder when 594 is divided by 96?
18
What is the remainder when 2376 is divided by 23?
7
Calculate the remainder when 2315 is divided by 38.
35
Calculate the remainder when 154 is divided by 29.
9
What is the remainder when 722 is divided by 17?
8
Calculate the remainder when 507 is divided by 51.
48
Calculate the remainder when 4973 is divided by 15.
8
Calculate the remainder when 1496 is divided by 150.
146
What is the remainder when 347 is divided by 194?
153
Calculate the remainder when 25 is divided by 15.
10
Calculate the remainder when 229 is divided by 21.
19
Calculate the remainder when 407 is divided by 41.
38
Calculate the remainder when 146 is divided by 23.
8
What is the remainder when 30 is divided by 22?
8
Calculate the remainder when 106 is divided by 29.
19
What is the remainder when 94 is divided by 33?
28
What is the remainder when 222 is divided by 80?
62
What is the remainder when 517 is divided by 130?
127
Calculate the remainder when 2545 is divided by 91.
88
What is the remainder when 584 is divided by 289?
6
Calculate the remainder when 1727 is divided by 25.
2
What is the remainder when 720 is divided by 185?
165
What is the remainder when 142 is divided by 35?
2
Calculate the remainder when 369 is divided by 93.
90
What is the remainder when 171 is divided by 32?
11
What is the remainder when 1937 is divided by 38?
37
What is the remainder when 4502 is divided by 20?
2
Calculate the remainder when 138 is divided by 29.
22
Calculate the remainder when 653 is divided by 320.
13
What is the remainder when 541 is divided by 28?
9
What is the remainder when 25925 is divided by 14?
11
What is the remainder when 184 is divided by 49?
37
Calculate the remainder when 237 is divided by 80.
77
What is the remainder when 27 is divided by 14?
13
Calculate the remainder when 1016 is divided by 20.
16
Calculate the remainder when 197 is divided by 179.
18
Calculate the remainder when 2259 is divided by 73.
69
Calculate the remainder when 183 is divided by 46.
45
What is the remainder when 2207 is divided by 123?
116
What is the remainder when 287 is divided by 36?
35
Calculate the remainder when 161 is divided by 11.
7
What is the remainder when 115 is divided by 74?
41
What is the remainder when 196 is divided by 29?
22
What is the remainder when 133 is divided by 49?
35
Calculate the remainder when 314 is divided by 95.
29
Calculate the remainder when 2806 is divided by 54.
52
Calculate the remainder when 311 is divided by 157.
154
What is the remainder when 599 is divided by 52?
27
Calculate the remainder when 1078 is divided by 27.
25
Calculate the remainder when 118 is divided by 34.
16
Calculate the remainder when 397 is divided by 25.
22
What is the remainder when 820 is divided by 264?
28
Calculate the remainder when 68 is divided by 47.
21
Calculate the remainder when 628 is divided by 198.
34
What is the remainder when 272 is divided by 21?
20
What is the remainder when 88 is divided by 10?
8
Calculate the remainder when 82 is divided by 12.
10
Calculate the remainder when 701 is divided by 6.
5
What is the remainder when 34 is divided by 19?
15
Calculate the remainder when 1724 is divided by 75.
74
Calculate the remainder when 98 is divided by 48.
2
Calculate the remainder when 221 is divided by 30.
11
What is the remainder when 282 is divided by 32?
26
What is the remainder when 77 is divided by 5?
2
What is the remainder when 235 is divided by 176?
59
Calculate the remainder when 62 is divided by 25.
12
Calculate the remainder when 154 is divided by 76.
2
Calculate the remainder when 20144 is divided by 51.
50
What is the remainder when 360 is divided by 64?
40
Calculate the remainder when 150 is divided by 38.
36
What is the remainder when 972 is divided by 66?
48
Calculate the remainder when 636 is divided by 58.
56
Calculate the remainder when 13 is divided by 13.
0
What is the remainder when 11084 is divided by 28?
24
Calculate the remainder when 676 is divided by 88.
60
Calculate the remainder when 459 is divided by 78.
69
What is the remainder when 734 is divided by 115?
44
What is the remainder when 3275 is divided by 329?
314
Calculate the remainder when 581 is divided by 163.
92
What is the remainder when 555 is divided by 68?
11
What is the remainder when 735 is divided by 18?
15
What is the remainder when 1683 is divided by 558?
9
What is the remainder when 1423 is divided by 704?
15
What is the remainder when 1602 is divided by 530?
12
Calculate the remainder when 588 is divided by 68.
44
What is the remainder when 170 is divided by 25?
20
Calculate the remainder when 114 is divided by 83.
31
Calculate the remainder when 97 is divided by 8.
1
What is the remainder when 7574 is divided by 8?
6
What is the remainder when 973 is divided by 193?
8
Calculate the remainder when 31 is divided by 16.
15
Calculate the remainder when 1826 is divided by 39.
32
Calculate the remainder when 78 is divided by 3.
0
Calculate the remainder when 35 is divided by 4.
3
Calculate the remainder when 296 is divided by 77.
65
Calculate the remainder when 174 is divided by 72.
30
Calculate the remainder when 162 is divided by 24.
18
What is the remainder when 161 is divided by 41?
38
Calculate the remainder when 583 is divided by 116.
3
What is the remainder when 1064 is divided by 136?
112
Calculate the remainder when 256 is divided by 97.
62
Calculate the remainder when 261 is divided by 57.
33
Calculate the remainder when 852 is divided by 226.
174
What is the remainder when 267 is divided by 13?
7
Calculate the remainder when 402 is divided by 31.
30
Calculate the remainder when 4031 is divided by 112.
111
What is the remainder when 129 is divided by 18?
3
Calculate the remainder when 174 is divided by 87.
0
Calculate the remainder when 406 is divided by 198.
10
What is the remainder when 75 is divided by 42?
33
Calculate the remainder when 493 is divided by 45.
43
Calculate the remainder when 139 is divided by 121.
18
Calculate the remainder when 35 is divided by 12.
11
What is the remainder when 112 is divided by 9?
4
Calculate the remainder when 1065 is divided by 11.
9
Calculate the remainder when 1059 is divided by 106.
105
Calculate the remainder when 2268 is divided by 32.
28
Calculate the remainder when 1526 is divided by 37.
9
Calculate the remainder when 1091 is divided by 96.
35
What is the remainder when 131 is divided by 39?
14
What is the remainder when 1517 is divided by 19?
16
What is the remainder when 861 is divided by 62?
55
What is the remainder when 92 is divided by 30?
2
What is the remainder when 474 is divided by 21?
12
Calculate the remainder when 8072 is divided by 23.
22
Calculate the remainder when 283 is divided by 81.
40
Calculate the remainder when 526 is divided by 133.
127
What is the remainder when 67 is divided by 14?
11
What is the remainder when 177 is divided by 77?
23
What is the remainder when 596 is divided by 13?
11
Calculate the remainder when 247 is divided by 21.
16
What is the remainder when 1335 is divided by 46?
1
Calculate the remainder when 74 is divided by 15.
14
What is the remainder when 1411 is divided by 101?
98
What is the remainder when 1986 is divided by 17?
14
Calculate the remainder when 2221 is divided by 11.
10
Calculate the remainder when 73 is divided by 12.
1
What is the remainder when 124 is divided by 8?
4
Calculate the remainder when 110 is divided by 51.
8
What is the remainder when 1049 is divided by 59?
46
What is the remainder when 6557 is divided by 117?
5
Calculate the remainder when 3616 is divided by 901.
12
Calculate the remainder when 847 is divided by 20.
7
Calculate the remainder when 1657 is divided by 7.
5
What is the remainder when 372 is divided by 15?
12
Calculate the remainder when 442 is divided by 116.
94
Calculate the remainder when 611 is divided by 303.
5
Calculate the remainder when 923 is divided by 14.
13
What is the remainder when 135 is divided by 35?
30
Calculate the remainder when 37 is divided b